 b - 32 = 0, 5*b + 200 = 5*l. What is the greatest common divisor of l and y?
4
Let z be 4*5/50 + 2/(-5). Suppose -4*b - 3*x + 1356 = z, -5*x + 692 = 4*b - 2*b. Calculate the highest common divisor of 42 and b.
42
Suppose 0 = 7*k - 38 - 32. Let b be 129*2/6 - 3. Calculate the greatest common factor of k and b.
10
Let t = 181 + -101. Let h = 82 - t. What is the greatest common factor of 8 and h?
2
Let i = 4725 - 2293. Calculate the highest common divisor of i and 38.
38
Suppose -4*b = -178 - 102. What is the highest common divisor of b and 112?
14
Let w = 40 + 59. Suppose 0 = -4*t + 7*t - w. Calculate the highest common divisor of t and 363.
33
Let a be 4/6 - 86/(-6). Let c be (-718)/(-6) + (-39)/(-117). What is the highest common factor of a and c?
15
Let b = -45 - -48. Suppose -k = 5*q - 23, -35 = -4*k - 5*q - b. What is the greatest common divisor of 9 and k?
3
Suppose 4*y - 588 = j, 7*j - 9*j = 0. What is the highest common factor of y and 49?
49
Let t be (0 - (-3)/(-12)) + 350/(-8). Let l = t + 68. Calculate the highest common divisor of l and 16.
8
Let o be (10/(-24))/(318/(-848)) + 2/(-18). Let b = 0 - 0. Suppose -12 = -b*n - 4*n. Calculate the highest common divisor of o and n.
1
Suppose 27 + 18 = 5*h. Let n(x) = 15 - 2*x**2 + 3*x**2 + x + 5*x + 2*x. Let w be n(-6). Calculate the greatest common divisor of h and w.
3
Let j = -518 - -618. What is the highest common factor of 25 and j?
25
Suppose -3*k = m - 0*m - 24, 4*k - 40 = -2*m. Let t = m - 8. Let w be (-10)/(-40) - (-23)/t. What is the greatest common factor of w and 6?
6
Suppose -n + 13 = 2*s, -15 - 5 = 4*n. Let u = -225 - -324. Calculate the greatest common divisor of s and u.
9
Let j = 786 - 636. What is the highest common factor of 6 and j?
6
Let o(k) = -9*k**3 - 5*k**2 + 19*k + 60. Let f be o(-4). Calculate the greatest common divisor of 30 and f.
30
Let d(g) = -3*g - 25. Let t be d(-11). Calculate the highest common divisor of t and 108.
4
Let w(m) = -m**3 + 15*m**2 - 8*m - 34. Let d be w(14). Suppose -90 = -5*c + d. Calculate the highest common factor of c and 4.
4
Suppose 2*u - 3*w - 59 = 0, -5*u - 2*w = -127 + 27. What is the highest common factor of 1089 and u?
11
Let s = -3608 + 6642. What is the highest common factor of 74 and s?
74
Suppose -12*i = -1275 - 1413. What is the highest common factor of i and 28?
28
Suppose 24*m = 28*m - 272. Calculate the highest common divisor of m and 51.
17
Let w = -14 - -34. Let g be (0 - 0) + (w - 9). Let r = 6 - 5. Calculate the greatest common factor of g and r.
1
Suppose 46 = 3*n + 4. Let l be 4/22 + 370254/33. Let x be 1/(-4) + l/80. What is the greatest common divisor of n and x?
14
Suppose 53 = 2*m + 5*c, -2*c - 49 = -38*m + 37*m. Let y be 52*((-74)/(-8) - 1). What is the greatest common divisor of m and y?
39
Suppose 20*l - 4 = 19*l. Calculate the greatest common divisor of l and 2.
2
Suppose -16*i + 14*i + 32 = 0. Let s(m) = m + 3. Let l be s(21). What is the greatest common factor of i and l?
8
Let h = 746 + -424. Calculate the highest common factor of h and 46.
46
Let z be 50 + (-3)/(3/(-2)). Let u = 15 + -7. Let s be 357/27 + u/(-36). What is the greatest common divisor of z and s?
13
Suppose -23*p + 24*p - 3*a = 94, -5*p + 446 = -3*a. Calculate the greatest common divisor of p and 484.
44
Let m(d) = 7*d + 13. Let c be m(11). What is the highest common divisor of c and 18?
18
Suppose 25 = 3*m - 2*r + 4*r, 0 = -4*m + 3*r + 22. Suppose 3*v - 5 = -2*n, -15*n + 17*n - 2 = -4*v. What is the highest common divisor of m and n?
7
Let m be -18*(52/65)/(6/5). Let u be (2 - (-40)/m)*-12. What is the greatest common factor of 80 and u?
16
Let p be (-67)/(-2) - (-1 - 3/(-2)). Calculate the greatest common factor of 594 and p.
33
Let t be 8/(-40) - (-252)/10. Let z = t + -9. Suppose -3*q + 120 = 2*q. Calculate the highest common factor of q and z.
8
Suppose -4*d + 254 = -226. Let f = -827 - -842. What is the greatest common factor of f and d?
15
Suppose -2*j = -w + 6*w - 319, 4*w + 4*j = 260. Suppose 289 + 7631 = 158*h + 1284. What is the highest common divisor of w and h?
21
Let o(f) = 3*f - 8. Let n be o(10). Suppose 3*r - 66 = -3*v, v = -0*v - 3*r + n. Calculate the highest common factor of 33 and v.
11
Let v be 817/7 + 2/7. Suppose 116*b - 110*b - 468 = 0. What is the greatest common factor of v and b?
39
Let j(i) = -14*i**3 + 2*i**2 - 2*i - 4. Let p be j(-2). What is the highest common divisor of p and 15?
15
Suppose 0 = -33*g + 31*g - m + 3892, -3*m - 9708 = -5*g. Calculate the greatest common factor of 36 and g.
36
Let q be (144/(-60))/(12/(-4590)). Calculate the greatest common divisor of q and 54.
54
Suppose 0 - 35 = -5*a. Let i(v) = -v**2 + 18*v - 2. Let u be i(13). What is the highest common divisor of u and a?
7
Let q = -47 + 49. Suppose -q*f + 16 = -0. What is the greatest common divisor of 72 and f?
8
Let t be (-100)/75 - 1092/(-9). What is the greatest common divisor of 230 and t?
10
Let m = -101 + 127. Suppose 0 = -w + 40 + 4. Suppose 0 = q - 2*g - w, 0*q + 4*q + 4*g - 224 = 0. Calculate the highest common divisor of m and q.
26
Let z = -23 + 50. What is the highest common divisor of z and 459?
27
Let s(y) be the second derivative of y**4/6 - 2*y**3 + 27*y**2/2 - 9*y. Let c be s(5). What is the greatest common divisor of 17 and c?
17
Let o be 1*1/(2/6). Let s = 6014 - 5993. What is the highest common divisor of s and o?
3
Suppose 66*q - 54*q = 204. Calculate the greatest common divisor of q and 204.
17
Suppose 0 = -a + 4 - 2. Let x be 1 + 4/(-2 - -4). Suppose 3*z = -x + 9. What is the greatest common factor of z and a?
2
Suppose 0 = -17*g + 16*g - 59. Let j = -57 - g. What is the greatest common factor of 1 and j?
1
Suppose 0*y + y + 5 = 0. Suppose -23*m + 19*m + 32 = 0. Let i = m - y. What is the greatest common divisor of 65 and i?
13
Let z be 0/(-1) + (1 - -2). Let v(w) = 44*w + 8. Let n be v(-5). Let u be 2/9 + n/(-18). Calculate the highest common divisor of u and z.
3
Let w(y) = 4*y + 1. Let j be w(1). Let g be j + 0 + (-4)/(-4). Let o be ((60/(-9))/4)/((-40)/1008). Calculate the greatest common factor of g and o.
6
Let c = 340 + -331. Suppose 2*r - 9 = r + 3*n, 5*r = 3*n + 45. What is the highest common factor of c and r?
9
Let x be 8008/168 - (-3 - 42/(-9)). What is the greatest common divisor of 2438 and x?
46
Suppose m - 2*a - 28 = -3*m, -8 = -4*a. Let h be m/20 - 1706/(-10). Let l = -21 + 40. What is the highest common divisor of l and h?
19
Suppose 0 = -3*r - 2*r + t + 120, -4*t = -2*r + 48. Let k = 57 + -34. Suppose 2*w + y = k, -w + 59 = 4*w + y. What is the greatest common factor of r and w?
12
Let c be 274/(-411) - 1/(3/(-479)). What is the greatest common factor of 106 and c?
53
Suppose -5*g - 49 + 59 = 0. Let k be g + (-159)/(-4) - (-1)/4. What is the highest common divisor of 21 and k?
21
Let w be (-4)/1 + 3 + -4. Let f(h) = -h**3 - 4*h**2 + 2*h - 2. Let t be f(w). Calculate the greatest common divisor of 26 and t.
13
Let a be -3*(-4 + 51/9). Let y(x) = 10*x**2 + 2*x + 5. Let m be y(a). What is the greatest common factor of 35 and m?
35
Let a be (7/11)/7 - (-10)/11. What is the highest common factor of a and 27?
1
Let q(j) be the first derivative of 3*j**2/2 - 3*j + 6. Let d(s) = 3*s**2 + 1. Let w be d(-1). Let y be q(w). Calculate the greatest common factor of y and 45.
9
Suppose 0 = -p - 2, -4*t + 0*t + 18 = -3*p. Let q = -6 + 9. Let c be 0 + (-6)/q - -5. What is the greatest common divisor of t and c?
3
Suppose -414 = -35*c - 134. What is the greatest common divisor of c and 40?
8
Let t(u) = 47*u**3 + u**2 + u - 1. Let w be t(1). Let m(p) = -32*p - 160. Let z be m(-6). What is the highest common divisor of z and w?
16
Suppose 5*l + 22 = -3. Let q be 28/10 + (-1)/l. Let o(b) = b**3 + 7*b**2 + 4*b. Let p be o(-3). Calculate the highest common divisor of p and q.
3
Suppose 0 = -7*i + 72 + 33. Let z = -17 + 27. What is the greatest common divisor of i and z?
5
Let j be (-1)/(((-25)/15)/5). Suppose 0 = -j*f - f + 540. Calculate the highest common factor of 15 and f.
15
Let s be -51*(5 - (-2 + 174/18)). What is the highest common divisor of 170 and s?
34
Let u(n) be the first derivative of 17*n**2/2 - 10*n + 1. Let i be u(5). What is the highest common factor of 50 and i?
25
Let q(z) = -z**3 - 19*z**2 -